mber?
True
Is 28729381 a prime number?
False
Is 8308343 a prime number?
True
Is 3396499 a prime number?
False
Is 195541283 a prime number?
False
Is 8100049 a prime number?
False
Is 785308781 a prime number?
False
Is 17602573 a composite number?
False
Is 181233179 composite?
False
Is 74044657 composite?
True
Is 8164571 a composite number?
True
Is 66434477 composite?
False
Is 8900699 a composite number?
True
Is 28311005 prime?
False
Is 101883043 composite?
True
Is 80166553 a prime number?
False
Is 122033 prime?
True
Is 29544583 a composite number?
True
Is 4133341 a composite number?
True
Is 510166261 composite?
True
Is 887656219 a composite number?
False
Is 44884469 a prime number?
False
Is 113599223 a prime number?
True
Is 357505469 composite?
False
Is 3942661 a composite number?
False
Is 566786707 prime?
False
Is 1162141 a prime number?
False
Is 574531 prime?
False
Is 1333867 a composite number?
False
Is 5129903 a prime number?
False
Is 87776578 prime?
False
Is 48232181 prime?
True
Is 35766301 composite?
True
Is 8012923 prime?
True
Is 1000033 prime?
True
Is 114544315 a prime number?
False
Is 32691751 a prime number?
False
Is 6578927 a composite number?
False
Is 6151427 composite?
False
Is 15894787 prime?
True
Is 173854847 a composite number?
False
Is 25106443 a prime number?
False
Is 1965167 prime?
True
Is 32015129 composite?
False
Is 28296209 a prime number?
False
Is 1071803 composite?
False
Is 51987907 prime?
True
Is 826849 composite?
False
Is 10290909 a prime number?
False
Is 17442377 a composite number?
False
Is 884789 prime?
True
Is 225534329 prime?
True
Is 4884361 a composite number?
False
Is 2355263 a composite number?
False
Is 1796329 a composite number?
True
Is 9252949 prime?
True
Is 18503951 composite?
False
Is 422621 a composite number?
False
Is 392161279 a composite number?
True
Is 1063891 prime?
True
Is 19125577 prime?
True
Is 4905463 a prime number?
False
Is 34561619 a prime number?
False
Is 574008797 prime?
True
Is 75519019 prime?
True
Is 117303733 prime?
True
Is 3239839 a composite number?
False
Is 162553357 prime?
False
Is 33180139 composite?
False
Is 87641531 a composite number?
True
Is 64903001 a prime number?
True
Is 193535033 prime?
True
Is 85529141 composite?
False
Is 4573763 a prime number?
True
Is 1168757 prime?
True
Is 22120789 prime?
False
Is 19964257 composite?
True
Is 2292691 a prime number?
True
Is 39054353 prime?
False
Is 179599 prime?
False
Is 1793459 a composite number?
False
Is 849523 composite?
False
Is 49793273 composite?
True
Is 1647433369 a composite number?
False
Is 1043489 a prime number?
True
Is 8439043 a prime number?
True
Is 17036431 composite?
True
Is 346025819 prime?
False
Is 5228549 prime?
False
Is 715019 a composite number?
False
Is 11019521 composite?
False
Is 37565089 prime?
True
Is 449941 a prime number?
True
Is 1161515 a prime number?
False
Is 34921441 a prime number?
True
Is 1021091177 a prime number?
True
Is 54896789 composite?
True
Is 856441 prime?
True
Is 3689831 composite?
True
Is 14063411 composite?
True
Is 5291151 a composite number?
True
Is 6219217 a prime number?
False
Is 8900149 a composite number?
True
Is 4463399 a composite number?
False
Is 125152219 a composite number?
True
Is 12562483 composite?
False
Is 109368757 prime?
True
Is 7165549 composite?
True
Is 3074469 a prime number?
False
Is 345257 prime?
False
Is 2803019 a prime number?
True
Is 25000519 a composite number?
True
Is 268289813 composite?
True
Is 7187857 prime?
True
Is 21795737 composite?
False
Is 424786699 a composite number?
False
Is 6938719 prime?
True
Is 10577783 a composite number?
False
Is 3838253 composite?
False
Is 159723839 a composite number?
True
Is 10759733 a prime number?
True
Is 657587 prime?
False
Is 4352801 composite?
False
Is 8968103 prime?
True
Is 5189689 a composite number?
True
Is 1322639 prime?
False
Is 16646221 a prime number?
False
Is 31918621 a prime number?
False
Is 5872331 prime?
True
Is 1361629 a prime number?
True
Is 245512399 composite?
True
Is 2867999 prime?
False
Is 8387909 a prime number?
False
Is 306611 composite?
True
Is 2492509 prime?
True
Is 15587561 a prime number?
False
Is 6580757 a prime number?
True
Is 26591585 composite?
True
Is 134257111 a composite number?
False
Is 445331 a prime number?
False
Is 622681 a prime number?
False
Is 8825023 a composite number?
True
Is 214566059 prime?
True
Is 83627 a prime number?
False
Is 55033535 a prime number?
False
Is 44056933 prime?
True
Is 1537447 prime?
False
Is 62536781 prime?
False
Is 16271153 prime?
True
Is 51724558 a prime number?
False
Is 927431 composite?
False
Is 75271073 prime?
False
Is 4985345 a composite number?
True
Is 16001801 a prime number?
True
Is 27766047 composite?
True
Is 5524249 a prime number?
True
Is 52932155 a prime number?
False
Is 29620597 a prime number?
False
Is 34354491 a composite number?
True
Is 427201 a prime number?
False
Is 1683431 composite?
True
Is 246922183 composite?
False
Is 38955911 composite?
False
Is 9885283 a composite number?
False
Is 38114161 a composite number?
True
Is 14113373 a prime number?
True
Is 27118957 a composite number?
False
Is 29306029 composite?
False
Is 82852437 prime?
False
Is 67074817 prime?
True
Is 91002059 prime?
True
Is 2842127 prime?
True
Is 110664007 composite?
True
Is 11844137 a prime number?
True
Is 30702467 prime?
True
Is 135704953 prime?
True
Is 4256377 a prime number?
False
Is 310205881 prime?
True
Is 5673409 prime?
False
Is 398012161 a composite number?
False
Is 63441713 a prime number?
True
Is 10059331 a prime number?
False
Is 403483 composite?
False
Is 41184413 composite?
False
Is 9099017 prime?
True
Is 4350359 a prime number?
False
Is 167197381 a prime number?
False
Is 246529 a composite number?
True
Is 96803611 prime?
True
Is 72197197 prime?
False
Is 168686281 a prime number?
True
Is 2005069 composite?
True
Is 198490637 prime?
True
Is 8740099 prime?
False
Is 7074781 a composite number?
True
Is 14956909 a prime number?
False
Is 264766 a prime number?
False
Is 777335309 composite?
True
Is 53533297 a prime number?
False
Is 21940837 composite?
False
Is 3693117 composite?
True
Is 32169079 composite?
False
Is 118202573 a composite number?
False
Is 204456289 a composite number?
True
Is 3533627 composite?
False
Is 6500543 composite?
True
Is 19941715 prime?
False
Is 3641779 a prime number?
False
Is 14312743 prime?
True
Is 2416549 a prime number?
False
Is 47235154 composite?
True
Is 343165 composite?
True
Is 3728623 composite?
True
Is 133921 a composite number?
True
Is 133589791 a composite number?
True
Is 1256663 a composite number?
True
Is 173100819 a composite number?
True
Is 826711 a prime number?
True
Is 1653541 prime?
True
Is 29934947 composite?
True
Is 8645935 composite?
True
Is 69599927 composite?
False
Is 8368739 a composite number?
False
Is 38762301 a prime number?
False
Is 1491293 a prime number?
False
Is 137018371 a prime number?
False
Is 64231306 a prime number?
False
Is 571342363 composite?
False
Is 38686229 a composite number?
False
Is 5561905 a prime number?
False
Is 5774929 a prime number?
False
Is 25874909 composite?
False
Is 11025565 a prime number?
False
Is 225391633 prime?
True
Is 153700091 a composite number?
False
Is 274637 a prime number?
False
Is 268762349 composite?
False
Is 29327026 composite?
True
Is 13594811 composite?
False
Is 11195759 a composite number?
False
Is 258557 a composite number?
True
Is 233623895 prime?
False
Is 992857 composite?
False
Is 27277963 a composite number?
False
Is 6564134 prime?
False
Is 9181763 a prime number?
True
Is 1373989 composite?
False
Is 31718 a prime number?
False
Is 57017827 a prime number?
True
Is 2878537 a composite number?
False
Is 102049982 composite?
True
Is 3004873 a prime number?
False
Is 115197755 a composite number?
True
Is 34483733 composite?
False
Is 836467 prime?
False
Is 18474947 a prime number?
False
Is 93968183 a prime number?
False
Is 3962327 prime?
False
Is 2075947 composite?
False
Is 2645817 prime?
False
Is 2197271 a composite number?
True
Is 380962991 a prime number?
True
Is 138194257 a prime number?
True
Is 81637487 prime?
True
Is 666991 a prime number?
False
Is 25119319 composite?
True
Is 13641883 a prime number?
False
Is 252881467 composite?
False
Is 208711249 a prime number?
True
Is 8910